 + 302034424?
302034423
In base 14, what is -3c1207 + 2?
-3c1205
In base 7, what is 15603 - 44142?
-25236
In base 8, what is -1303 + 601237?
577734
In base 14, what is 108b4a + 7?
108b53
In base 8, what is -157513416 + 3?
-157513413
In base 5, what is 12222033034 - 0?
12222033034
In base 4, what is 13203322 - -2120?
13212102
In base 6, what is 3025015031 - -1?
3025015032
In base 7, what is -43401 + 10022?
-33346
In base 15, what is 5c + 1923e?
1929b
In base 7, what is 21 + 34340315?
34340336
In base 14, what is 3463d + -26a?
343b3
In base 8, what is -570412 + 623?
-567567
In base 9, what is -655 + -38213?
-38868
In base 13, what is 17bcc8b + -6?
17bcc85
In base 16, what is -fd6 - 23da8?
-24d7e
In base 7, what is 1114655416 - 41?
1114655345
In base 7, what is -22016 + 13202?
-5514
In base 3, what is -1000120121011211 - 11?
-1000120121011222
In base 12, what is -4 + 38b3b436?
38b3b432
In base 11, what is 150217a8 + 6?
15021803
In base 14, what is -3 - 3dba6c?
-3dba71
In base 15, what is -18 - -4c735?
4c71c
In base 5, what is 10313 + -423042?
-412224
In base 9, what is 748 - -125384?
126243
In base 11, what is 14 + 1032649?
1032662
In base 12, what is 79b - 580?
21b
In base 14, what is 6 - -a4b027?
a4b02d
In base 12, what is -611885 + -a?
-611893
In base 8, what is -363 + -320?
-703
In base 10, what is -232 + -5013289?
-5013521
In base 9, what is -3 + -105252866?
-105252870
In base 14, what is 51683 + -71?
51612
In base 14, what is 2 - 6d7c87?
-6d7c85
In base 8, what is 206 - 141743?
-141535
In base 5, what is -1011 - 104242233?
-104243244
In base 16, what is 40f5d4f + -5?
40f5d4a
In base 5, what is 22031124022 + -10?
22031124012
In base 16, what is -2add - -6c5?
-2418
In base 15, what is d3 + -3a2410?
-3a232c
In base 16, what is 1cd5b + -885?
1c4d6
In base 5, what is 2124311 + -1321?
2122440
In base 15, what is 158 - -15541?
15699
In base 4, what is 100 + 203203112?
203203212
In base 14, what is -2cdb3 + 3c4?
-2c9cd
In base 8, what is 13144 - 2057?
11065
In base 6, what is 232 - 32334213?
-32333541
In base 8, what is -13 - 120301107?
-120301122
In base 2, what is -10000011101011100001 + 1001?
-10000011101011011000
In base 4, what is -30123 - -100020201?
33330012
In base 12, what is 36 - 98b2aa2?
-98b2a68
In base 12, what is -7 - -14ab93?
14ab88
In base 5, what is 3202044 + -4222?
3142322
In base 4, what is 1 - -133100310033?
133100310100
In base 14, what is 37 + -b422ab?
-b42274
In base 8, what is -154 - 615401?
-615555
In base 3, what is -101220201221 + -2211102?
-102000120100
In base 3, what is -101002010101 - 111111?
-101002121212
In base 11, what is 671 - 1582?
-a11
In base 15, what is 35c9 + -16a?
345e
In base 15, what is -ae1 - -1a7b?
e8a
In base 14, what is -1b409 + -1275?
-1c680
In base 11, what is -6161 - -18452?
122a1
In base 15, what is 2e6 - 12a749?
-12a453
In base 8, what is -34546143 - -12?
-34546131
In base 16, what is -269 + -2779?
-29e2
In base 5, what is -110 - -432102401?
432102241
In base 13, what is 7 - 221b05b?
-221b054
In base 8, what is -1206 + 32643?
31435
In base 6, what is -1345204302 + -133?
-1345204435
In base 4, what is -231213221313 + -1020?
-231213222333
In base 6, what is 33 - -320023?
320100
In base 3, what is -10121022212 + 102210120?
-10011112022
In base 6, what is 3404300 - -52?
3404352
In base 7, what is -3 - -1321036?
1321033
In base 6, what is 11 - -5541530?
5541541
In base 12, what is -16153 - 40?
-16193
In base 5, what is -12042002220 - -14?
-12042002201
In base 2, what is 1011011110111110110101 + -11?
1011011110111110110010
In base 14, what is 2442b - -44ba?
28907
In base 10, what is 8940024 + -12?
8940012
In base 3, what is 21 + 110211112222010?
110211112222101
In base 15, what is -eed + bec?
-301
In base 2, what is 1110010101011110 + 101000010010?
1110111101110000
In base 14, what is -252166 - -18b?
-251db9
In base 12, what is 271 + 15730?
159a1
In base 6, what is -12041503 - -2223?
-12035240
In base 8, what is -16506601 - 57?
-16506660
In base 6, what is -33 + -1425022?
-1425055
In base 5, what is 2222434 - -12241?
2240230
In base 2, what is 1001010111010100 - -1101111?
1001011001000011
In base 11, what is -11303 - 1913?
-13116
In base 16, what is 0 - -2aa25aa?
2aa25aa
In base 9, what is -18711 + 3080?
-15621
In base 5, what is 41 + 3230?
3321
In base 9, what is 20604 - 7027?
12566
In base 12, what is 1962 - -46036?
47998
In base 11, what is 39a222 - -47?
39a269
In base 7, what is -1124 - -60036?
55612
In base 2, what is 100 - 1001110010010111011011000101?
-1001110010010111011011000001
In base 4, what is -113230100 - -1?
-113230033
In base 14, what is -d + -1275daa?
-1275db9
In base 4, what is 30 - 12230011?
-12223321
In base 6, what is 45 + 32512253?
32512342
In base 13, what is 54 + 17c7a?
18001
In base 14, what is -2b7 + -74303?
-745ba
In base 9, what is 18 + 528533?
528552
In base 6, what is 3314 + 11013512?
11021230
In base 11, what is -12a4 - 14a7?
-27a0
In base 4, what is -3 - 213233212301?
-213233212310
In base 13, what is -2b3a - 18ca?
-4737
In base 3, what is -10 + 111112112000102?
111112112000022
In base 10, what is 1035 - -16962?
17997
In base 9, what is 613111 - 24?
613076
In base 10, what is -90816173 - -4?
-90816169
In base 11, what is -a9 + 33881?
33783
In base 2, what is -10100 - -10100001101001110100?
10100001101001100000
In base 8, what is 0 - 462216360?
-462216360
In base 15, what is -add9d60 - 3?
-add9d63
In base 12, what is -35 + 279a2a7?
279a272
In base 16, what is -75d + 268e3?
26186
In base 9, what is 186 + 312415?
312612
In base 12, what is -118350 - -245?
-118107
In base 11, what is a16846a7 - 5?
a16846a2
In base 8, what is -4513412 + -127?
-4513541
In base 2, what is -10 - 10111111100101011101?
-10111111100101011111
In base 13, what is -4 + 143ca1?
143c9a
In base 2, what is -1010110010010000 - -111111001100?
-1001110011000100
In base 16, what is -6338 + -112?
-644a
In base 7, what is 6 + -4410210?
-4410201
In base 8, what is 640 + -4355?
-3515
In base 3, what is -2012110100 + 121001?
-2011212022
In base 11, what is 5 - -2082559?
2082563
In base 16, what is -1580d - -6f0?
-1511d
In base 10, what is -2242793 + 3?
-2242790
In base 3, what is 10212111212210 + -222?
10212111211211
In base 14, what is 38c2c136 + 1?
38c2c137
In base 10, what is 9 - 5160842?
-5160833
In base 14, what is 1c6 - -10c351?
10c537
In base 4, what is -231 - -13231231010?
13231230113
In base 10, what is 4 + 3983416?
3983420
In base 14, what is -c + 66389?
6637b
In base 16, what is 1cb6982 + -22?
1cb6960
In base 13, what is 1 - -486244?
486245
In base 4, what is 10 + 303313003100?
303313003110
In base 5, what is 2 + -2134101211?
-2134101204
In base 13, what is -1 - -207b0a9?
207b0a8
In base 16, what is -18f7309 + 0?
-18f7309
In base 10, what is 5 + 2661428?
2661433
In base 15, what is 836 + 2137?
296d
In base 9, what is 6648230 - 3?
6648226
In base 9, what is 203 + 1436061?
1436264
In base 10, what is 5143623 + 3?
5143626
In base 13, what is 1c31b2 - -518?
1c36ca
In base 6, what is 25031 - 102043?
-33012
In base 14, what is -2 - -50bd7a7?
50bd7a5
In base 15, what is 4 + 36a8eb7?
36a8ebb
In base 3, what is -12112 - -1011010121?
1010221002
In base 16, what is 4cfa4 + 1?
4cfa5
In base 13, what is 7113526 + 5?
711352b
In base 9, what is 1672251 - 465?
1671675
In base 14, what is dc + -16038?
-15d3a
In base 2, what is -10010000101100100111 + 10100?
-10010000101100010011
In base 3, what is 11 + 1000111020222002?
1000111020222020
In base 12, what is 53330 - 73?
53279
In base 8, what is -4616645 + 303?
-4616342
In base 2, what is -11010001101101000 - 10101001?
-11010010000010001
In base 12, what is 3711 + 15411?
18b22
In base 11, what is 227 + -2a5366?
-2a513a
In base 13, what is -b05 + 1227?
422
In base 14, what is c7d2352 - 3?
c7d234d
In base 4, what is -1112 + -1020101021?
-1020102133
In base 8, what is -15377 - -7406?
-5771
In base 5, what is 3 + 410341040?
410341043
In base 14, what is 8 + cbadb8d?
cbadb97
In base 15, what is 3755 - -1d5?
393a
In base 12, what is 2 + -82ab99?
-82ab97
In base 15, what is 39bb5 + -1e0?
399c5
In base 12, what is -b199420 + 5?
-b199417
In base 10, what is -4 - -8319149?
8319145
In base 15, what is 87eb - 49c?
834e
In base 12, what is -83957 + -613?
-8436a
In base 14, what is